when 90 is divided by 23?
21
Calculate the remainder when 2175 is divided by 26.
17
Calculate the remainder when 759 is divided by 76.
75
What is the remainder when 310 is divided by 105?
100
What is the remainder when 273 is divided by 154?
119
Calculate the remainder when 49 is divided by 40.
9
What is the remainder when 203 is divided by 9?
5
What is the remainder when 789 is divided by 44?
41
What is the remainder when 5077 is divided by 1266?
13
Calculate the remainder when 311 is divided by 79.
74
Calculate the remainder when 94 is divided by 21.
10
What is the remainder when 841 is divided by 119?
8
Calculate the remainder when 30 is divided by 7.
2
What is the remainder when 10143 is divided by 139?
135
What is the remainder when 384 is divided by 43?
40
What is the remainder when 3903 is divided by 71?
69
What is the remainder when 25 is divided by 24?
1
What is the remainder when 761 is divided by 57?
20
Calculate the remainder when 55 is divided by 35.
20
Calculate the remainder when 197 is divided by 50.
47
Calculate the remainder when 927 is divided by 33.
3
Calculate the remainder when 1467 is divided by 30.
27
What is the remainder when 127 is divided by 86?
41
Calculate the remainder when 384 is divided by 65.
59
Calculate the remainder when 698 is divided by 263.
172
Calculate the remainder when 932 is divided by 17.
14
What is the remainder when 213 is divided by 104?
5
What is the remainder when 131 is divided by 3?
2
Calculate the remainder when 194 is divided by 22.
18
Calculate the remainder when 886 is divided by 265.
91
Calculate the remainder when 116 is divided by 107.
9
Calculate the remainder when 501 is divided by 55.
6
Calculate the remainder when 177 is divided by 10.
7
Calculate the remainder when 361 is divided by 23.
16
Calculate the remainder when 132 is divided by 103.
29
What is the remainder when 377 is divided by 128?
121
Calculate the remainder when 878 is divided by 288.
14
Calculate the remainder when 15550 is divided by 16.
14
Calculate the remainder when 725 is divided by 61.
54
What is the remainder when 1637 is divided by 44?
9
What is the remainder when 943 is divided by 292?
67
Calculate the remainder when 153 is divided by 1.
0
Calculate the remainder when 374 is divided by 92.
6
Calculate the remainder when 127 is divided by 123.
4
What is the remainder when 162 is divided by 21?
15
What is the remainder when 1813 is divided by 601?
10
Calculate the remainder when 208 is divided by 99.
10
Calculate the remainder when 909 is divided by 7.
6
What is the remainder when 18 is divided by 7?
4
What is the remainder when 92 is divided by 19?
16
What is the remainder when 2438 is divided by 37?
33
What is the remainder when 1747 is divided by 103?
99
Calculate the remainder when 19 is divided by 15.
4
Calculate the remainder when 545 is divided by 207.
131
What is the remainder when 47 is divided by 10?
7
Calculate the remainder when 281 is divided by 5.
1
Calculate the remainder when 71 is divided by 13.
6
What is the remainder when 234 is divided by 47?
46
Calculate the remainder when 6863 is divided by 22.
21
What is the remainder when 270 is divided by 16?
14
Calculate the remainder when 1355 is divided by 59.
57
What is the remainder when 26 is divided by 20?
6
What is the remainder when 16513 is divided by 15?
13
What is the remainder when 695 is divided by 174?
173
What is the remainder when 756 is divided by 225?
81
Calculate the remainder when 8321 is divided by 41.
39
Calculate the remainder when 253 is divided by 44.
33
Calculate the remainder when 719 is divided by 19.
16
What is the remainder when 206 is divided by 59?
29
What is the remainder when 2877 is divided by 1428?
21
What is the remainder when 106 is divided by 11?
7
What is the remainder when 1754 is divided by 134?
12
What is the remainder when 82 is divided by 10?
2
Calculate the remainder when 1979 is divided by 74.
55
Calculate the remainder when 5639 is divided by 12.
11
What is the remainder when 740 is divided by 248?
244
What is the remainder when 33080 is divided by 238?
236
Calculate the remainder when 99 is divided by 25.
24
Calculate the remainder when 35 is divided by 17.
1
Calculate the remainder when 114 is divided by 32.
18
Calculate the remainder when 502 is divided by 28.
26
What is the remainder when 542 is divided by 32?
30
Calculate the remainder when 95 is divided by 24.
23
Calculate the remainder when 6 is divided by 2.
0
Calculate the remainder when 52 is divided by 33.
19
What is the remainder when 3103 is divided by 1030?
13
What is the remainder when 6971 is divided by 19?
17
Calculate the remainder when 1846 is divided by 137.
65
Calculate the remainder when 83 is divided by 32.
19
Calculate the remainder when 449 is divided by 18.
17
Calculate the remainder when 25 is divided by 10.
5
What is the remainder when 178 is divided by 47?
37
Calculate the remainder when 504 is divided by 204.
96
What is the remainder when 192 is divided by 7?
3
What is the remainder when 95 is divided by 59?
36
What is the remainder when 2507 is divided by 1226?
55
Calculate the remainder when 58 is divided by 15.
13
Calculate the remainder when 150 is divided by 34.
14
Calculate the remainder when 561 is divided by 94.
91
What is the remainder when 224 is divided by 116?
108
Calculate the remainder when 243 is divided by 83.
77
What is the remainder when 7755 is divided by 199?
193
Calculate the remainder when 69 is divided by 25.
19
What is the remainder when 149 is divided by 64?
21
Calculate the remainder when 463 is divided by 172.
119
Calculate the remainder when 1074 is divided by 24.
18
What is the remainder when 119 is divided by 8?
7
What is the remainder when 3076 is divided by 46?
40
What is the remainder when 243 is divided by 35?
33
What is the remainder when 9 is divided by 3?
0
What is the remainder when 269 is divided by 132?
5
What is the remainder when 2244 is divided by 173?
168
Calculate the remainder when 185 is divided by 182.
3
What is the remainder when 3656 is divided by 59?
57
What is the remainder when 613 is divided by 44?
41
What is the remainder when 6459 is divided by 95?
94
What is the remainder when 529 is divided by 10?
9
Calculate the remainder when 2713 is divided by 143.
139
What is the remainder when 291 is divided by 73?
72
What is the remainder when 1291 is divided by 14?
3
Calculate the remainder when 78 is divided by 16.
14
Calculate the remainder when 139 is divided by 48.
43
What is the remainder when 7229 is divided by 16?
13
What is the remainder when 13104 is divided by 5?
4
What is the remainder when 99 is divided by 51?
48
Calculate the remainder when 7199 is divided by 100.
99
Calculate the remainder when 73 is divided by 30.
13
What is the remainder when 111 is divided by 56?
55
Calculate the remainder when 878 is divided by 69.
50
What is the remainder when 19 is divided by 13?
6
Calculate the remainder when 792 is divided by 50.
42
Calculate the remainder when 640 is divided by 46.
42
What is the remainder when 23 is divided by 16?
7
What is the remainder when 257 is divided by 40?
17
Calculate the remainder when 274 is divided by 4.
2
What is the remainder when 6703 is divided by 203?
4
What is the remainder when 157 is divided by 22?
3
Calculate the remainder when 2801 is divided by 23.
18
What is the remainder when 656 is divided by 217?
5
What is the remainder when 1800 is divided by 599?
3
What is the remainder when 436 is divided by 147?
142
What is the remainder when 219 is divided by 5?
4
What is the remainder when 1026 is divided by 129?
123
Calculate the remainder when 112 is divided by 33.
13
What is the remainder when 251 is divided by 230?
21
What is the remainder when 182 is divided by 15?
2
Calculate the remainder when 2076 is divided by 26.
22
What is the remainder when 722 is divided by 15?
2
Calculate the remainder when 3771 is divided by 47.
11
Calculate the remainder when 109 is divided by 59.
50
Calculate the remainder when 581 is divided by 45.
41
What is the remainder when 1312 is divided by 216?
16
What is the remainder when 939 is divided by 20?
19
What is the remainder when 45 is divided by 34?
11
What is the remainder when 179 is divided b